, -4*m = 3*x - 48. Calculate the greatest common factor of 10 and x.
10
Suppose 41*n + 19*n = 960. What is the highest common factor of 168 and n?
8
Suppose -2*d - 62 = -190. Let s = 69 - d. Calculate the highest common factor of s and 10.
5
Suppose -29*f - 360 = -37*f. Calculate the highest common factor of 405 and f.
45
Let z be -202*(-2)/12 - (-2)/6. Suppose 452 = u - z. What is the highest common divisor of u and 54?
54
Let x(r) = r**3 - 31*r**2 + 29*r + 38. Let z be x(30). Suppose 32 = 2*o + 2*o. What is the greatest common divisor of o and z?
8
Suppose 0 = 63*h - 69*h + 1668. Calculate the highest common factor of h and 139.
139
Let m = 1048 + -680. Calculate the greatest common divisor of m and 207.
23
Let z(i) = i**3 - 9*i**2 + 8*i - 64. Let l be z(9). Calculate the greatest common divisor of l and 448.
8
Let t(h) = -3*h**3 + 2*h**2 + h - 2. Let r be t(1). Let p(u) = -6*u**3 + 2*u**2 + 4*u + 6. Let a be p(r). Calculate the greatest common factor of a and 6.
6
Let t = 12 - -8. Let q = -2191 + 2211. Calculate the highest common factor of t and q.
20
Suppose 12 = -6*f - 102. Let z = 35 + f. Let b be 556/z + (-1)/(-4). Calculate the highest common divisor of 14 and b.
7
Let c be ((-1)/(-2))/(7/70). Let l = -18 - -16. Let a be 4/(-8)*-24 + l. Calculate the highest common divisor of c and a.
5
Suppose 10*m - 8*m = 210. Suppose j - i = 15, -2*j - 2*i = -7*j + 75. What is the greatest common factor of j and m?
15
Let o = -346 - -416. What is the greatest common divisor of o and 21?
7
Let a = -10 - -16. Suppose -2*m + 19 + 103 = 0. Let v = 115 - m. What is the greatest common factor of a and v?
6
Let o be 9 + 0/(-10) + 6. What is the greatest common divisor of 2085 and o?
15
Let k = -166 - -102. Let m = 112 + k. Suppose -2*p - 3 + 35 = 0. What is the greatest common factor of p and m?
16
Let m(b) = 12*b**2 - 5*b - 37. Let q be m(-9). Suppose 0 = 6*s + 8*s - q. What is the highest common divisor of 105 and s?
35
Suppose -24536 = -15*a + 2239. What is the highest common factor of 210 and a?
105
Suppose 0 = -2*g + 23 + 3. Let j = 0 - 0. Suppose i - 44 = 2*m, j*m - 40 = -i + 3*m. Calculate the highest common factor of g and i.
13
Let z(a) = a**3 + 23*a**2 + 26*a + 102. Let c be z(-22). Let x(q) = -2*q + 14. Let h be x(6). Calculate the highest common divisor of h and c.
2
Let f = 1 - -1. Suppose -46 = f*d + 3*j, -4*d - 146 = 3*j - 42. Let z = -17 - d. Calculate the highest common factor of z and 3.
3
Suppose -8*k + 208 = -0*k. Calculate the highest common factor of k and 234.
26
Suppose 2*b = 4*b - 5*c - 358, -3*b = c - 571. Calculate the greatest common divisor of b and 54.
27
Suppose -4*k + 58 + 2 = 0. Let c = 5 - k. Let w be (-1)/(-5) + (-398)/c. Calculate the highest common divisor of 8 and w.
8
Let a(r) = -8*r - 18. Let g be a(-6). Calculate the greatest common divisor of g and 240.
30
Let q(i) = 40*i + 4*i**2 - 46*i - 1 + 0*i**3 + i**3. Let l be q(-4). What is the greatest common divisor of 115 and l?
23
Let b be 2/(-8) + (-1)/(-4). Suppose b = -4*l + 76 - 20. Suppose -21*m = 20*m - 861. Calculate the highest common divisor of l and m.
7
Suppose 0 = g - 2 - 2. Suppose 0 = g*o - 8 - 16. Let r(c) = -c**3 + 8*c**2 - 6*c - 3. Let n be r(o). What is the greatest common factor of n and 11?
11
Suppose 2*o = -2*m + 271 + 217, 4*m + 3*o = 981. Calculate the highest common divisor of 3 and m.
3
Suppose 10*a + 230 = 2*o + 12*a, 3*a + 255 = 2*o. What is the greatest common factor of o and 180?
60
Suppose 6*h + 88 - 718 = 0. Calculate the highest common factor of 5 and h.
5
Let h(g) = -2*g**2 + 19*g + 12. Suppose 11*f = 66 + 44. Let y be h(f). Calculate the highest common factor of y and 22.
2
Let d(z) = 2*z + 6. Let p be d(-2). Let b be ((-4)/(-6))/(8/36). Suppose p*j - 69 = -b. Calculate the highest common factor of j and 3.
3
Let k be 4/(((-70)/25)/(-7)). Let o be 42/(-15)*(-125)/k. What is the highest common factor of 315 and o?
35
Let o be (2/6)/(6/198). Let u = -17 + o. Let m(d) = -d**3 - 6*d**2 + 3. Let h be m(u). What is the highest common divisor of h and 3?
3
Suppose -2*x = c - 10, 2*x - 223 = -5*c - 189. What is the greatest common factor of 1686 and c?
6
Suppose 5*z = -0*z. Let o be (z - -9)*(-1 + 2). Let b be 1518/21 - (-2)/(-49)*7. Calculate the highest common divisor of b and o.
9
Let n(f) = -f**3 + 18*f**2 - 16*f - 84. Let a be n(15). Calculate the highest common divisor of a and 26.
13
Let t be 39/12 - 1/4. Suppose -5*b + 21 = -2*y, t*b + 2*b - 6 = -3*y. Suppose 30 = b*w - 24. Calculate the highest common divisor of w and 18.
18
Let g(f) = 151*f + 341. Let c be g(4). Calculate the greatest common factor of c and 42.
21
Let s(b) = b**3 + 6*b**2 - 8*b - 7. Let t be s(-7). Suppose -10*z + 709 - 9 = t. Calculate the greatest common factor of 10 and z.
10
Suppose 2*j = 3*q + 14, 4*j + 3*q - 10 = -0*j. Suppose 4*b = 40 + j. Calculate the greatest common divisor of b and 77.
11
Let o be 1757 + ((-192)/12)/8. What is the highest common divisor of o and 65?
65
Let f(n) = -4 - 5 - 2 - 4*n. Let d be f(-6). Suppose 3*r = d - 1. Calculate the greatest common factor of r and 4.
4
Let k be 308/(21/((-252)/(-24))). Calculate the greatest common divisor of k and 385.
77
Let w(j) = -2*j**2 + 7*j - 9. Let v be w(9). Let y be v/2*(6 - 66/9). Calculate the highest common divisor of 108 and y.
36
Let p = -8 + 5. Let i = p - -15. What is the highest common divisor of i and 12?
12
Suppose -715 = 16*c - 1611. What is the highest common divisor of c and 264?
8
Let a(x) = 52*x**3 - x**2 - 4*x + 4. Let t be a(2). What is the highest common factor of 24 and t?
24
Let a(v) = -3*v - 3. Let f be a(-3). Let b be ((-7)/(-2) - 3)*0. Let u(r) = 3*r**2 - r + 18. Let n be u(b). Calculate the highest common factor of n and f.
6
Suppose -30*b = 37*b - 1340. Let s(u) = -u**3 - u + 180. Let o be s(0). Calculate the highest common divisor of o and b.
20
Let v = 4 - 2. Suppose 0 = -5*l + v*l + 69. Let o = 152 - 60. What is the highest common factor of l and o?
23
Suppose -112 = -5*y + 238. Let i(h) = -h - 3. Let j be i(-4). Suppose -j = 2*q - 15. Calculate the greatest common factor of y and q.
7
Let l be (-21)/6 + (-1)/(-2). Let r be 4 + (-1 - -44) - l. What is the greatest common divisor of r and 10?
10
Let g = -17 + 89. Let l = 31 + -17. Let b = l + -5. What is the highest common factor of g and b?
9
Let f(q) = -7*q**3 + q**2 + 7*q + 18. Let b be f(-3). What is the highest common factor of b and 78?
39
Let k = 136 + -103. Suppose -14 - 8 = -2*l. What is the greatest common divisor of l and k?
11
Suppose -1 = -5*n + 4. Let d be 5 + -4 + 1 - n. Calculate the greatest common divisor of 8 and d.
1
Suppose 3*k - 194 = -5*t, 3*t + 248 = 4*k - t. Let s(w) = w + 3. Let a be s(4). What is the highest common divisor of k and a?
7
Let d be -4 + (-25)/(50/(-12)). What is the highest common factor of 13 and d?
1
Let u = 6 - -57. What is the highest common factor of 21 and u?
21
Let a be (8 + 152/(-12))*-159. What is the highest common factor of 28 and a?
14
Let k be (-2 - -2 - -11)*2. Let l be ((-2)/4)/((-1)/k). What is the greatest common factor of l and 121?
11
Let b = -1491 - -1524. Suppose s = 4*m - 16, 2*s + 5 = 4*m - 7. Let g = 7 - s. What is the highest common divisor of b and g?
3
Let k be (3/2)/((-357)/90 - -4). Suppose 6*r - 19 = r - 3*i, 5*r - i - 27 = 0. What is the greatest common factor of r and k?
5
Let b be 1*(-1 + (-1)/((-3)/24)). What is the highest common divisor of 13 and b?
1
Let h be 1 + 62/((-4)/(-2)). Let r(j) = j**2 + 12*j - 512. Let n be r(-36). Calculate the highest common factor of n and h.
32
Let c be -1 - (-23 - 0 - -1). Let x = -1261 + 1450. Calculate the highest common divisor of x and c.
21
Suppose o + 56 = 2*o. Let w(z) = -6*z**2 - 471*z - 220. Let t be w(-78). Calculate the greatest common divisor of t and o.
14
Let d be (16/(-9))/(65/(-585)). What is the highest common divisor of d and 40?
8
Suppose 11*l - 742 = -247. Calculate the highest common factor of 72 and l.
9
Let u = -467 - -723. What is the greatest common divisor of 64 and u?
64
Let x(b) = -26*b + 8. Suppose p + 5*l + 9 = 0, 5*p - 2*l = -4*l - 22. Let z be x(p). Suppose 3*c - z = -c. Calculate the greatest common divisor of c and 7.
7
Let x be (-1)/9 + 146/18. Suppose -2*c + 9*c - 84 = 0. W